 + 292. Determine q(-25).
92
Let i(m) = -m**3 - 16*m**2 - 57*m + 56. Calculate i(-9).
2
Let n(v) = -2*v**3 - 12*v**2 - 19*v + 16. What is n(-3)?
19
Let j(n) = -n**2 - 19*n + 343. Calculate j(9).
91
Let w(q) = -822*q - 7402. Give w(-9).
-4
Let p(v) = -187*v + 317. Determine p(5).
-618
Let b(c) = c**3 + 3*c**2 + 5*c + 106. Give b(-9).
-425
Let z(g) = 2*g**2 + 375*g + 6505. Calculate z(-168).
-47
Let v(s) = -s**2 + 239*s + 3311. Determine v(-13).
35
Let i(k) = -2*k**3 + k**2 + 16*k - 28. Give i(3).
-25
Let u(b) = 5*b**2 + 302*b + 1143. What is u(-4)?
15
Let g(t) = t**3 - 94*t**2 + 180*t. Determine g(2).
-8
Let h(j) = j**3 + 12*j**2 + j + 98. What is h(-13)?
-84
Let y(j) = 2*j**2 - 76*j + 651. Give y(14).
-21
Let z(u) = -804*u + 125. Determine z(-1).
929
Let n(k) = -141*k - 1274. Calculate n(-9).
-5
Let v(x) = -3*x**3 + 13*x**2 - 20*x - 73. Give v(7).
-605
Let t(d) = -444*d**3 + d**2 - d + 2. Determine t(1).
-442
Let t(y) = -4*y**2 - 35*y - 70. Determine t(-5).
5
Let b(o) = -67*o**2 - 13*o - 30. Give b(-3).
-594
Let x(c) = -c**2 - 9*c + 2. Give x(-18).
-160
Let r(q) = 73*q - 63. Give r(2).
83
Let r(n) = n**3 - 21*n**2 + n + 6. Give r(0).
6
Let o(b) = 59*b - 479. Give o(9).
52
Let s(j) = 9359*j + 28063. Calculate s(-3).
-14
Let i(y) = -9*y**2 - 2340*y - 6934. What is i(-257)?
5
Let h(o) = -o**2 - 43*o + 1898. What is h(-70)?
8
Let k(c) = -c**3 + 3*c**2 + 22*c + 29. Give k(-2).
5
Let f(k) = -k**3 - 9*k**2 + 57*k + 392. Determine f(-11).
7
Let r(t) = 2*t**3 - 65*t**2 + 93*t + 9. Calculate r(31).
9
Let r(m) = 28*m + 44. Give r(-1).
16
Let j(c) = -5*c**2 + 96*c - 32. Determine j(18).
76
Let s(q) = -2*q**2 + 62*q + 2953. Determine s(57).
-11
Let k(d) = d**3 + 6*d**2 - 4*d - 28. Calculate k(-3).
11
Let c(u) = 23*u - 69. What is c(-11)?
-322
Let k(j) = -2*j**3 + 5*j**2 + 6*j + 80. Calculate k(5).
-15
Let h(r) = -3757*r - 108954. Calculate h(-29).
-1
Let z(g) = 787*g + 22829. Determine z(-29).
6
Let m(q) = 2*q**2 - 156*q + 1948. What is m(16)?
-36
Let g(j) = -2246*j + 6749. Determine g(3).
11
Let o(b) = 32*b + 705. Give o(-22).
1
Let u(v) = -17*v**2 + 11*v + 38. What is u(-3)?
-148
Let j(t) = -t**2 + 103*t + 3597. Give j(-28).
-71
Let d(x) = -2*x**3 + 4*x**2 + 2*x - 13. What is d(4)?
-69
Let n(u) = u**3 + 6*u**2 - 5*u - 8. Give n(-3).
34
Let n(d) = -d**2 + 436*d + 2966. What is n(-7)?
-135
Let r(s) = -214*s - 911. Give r(-4).
-55
Let f(q) = 9*q**2 - 236*q + 892. Calculate f(4).
92
Let l(c) = -60*c + 1185. Determine l(20).
-15
Let w(k) = 10*k**2 - 585*k - 423. What is w(59)?
-128
Let w(k) = -35*k - 1128. What is w(-34)?
62
Let n(m) = -29421*m - 176532. Calculate n(-6).
-6
Let k(d) = -53*d**3 - 2*d**2 + 449*d - 447. Determine k(1).
-53
Let t(b) = 2*b - 150. What is t(45)?
-60
Let b(s) = -328*s - 3622. Give b(-11).
-14
Let u(z) = 19*z - 215. Calculate u(7).
-82
Let v(d) = 644*d + 105613. Give v(-164).
-3
Let q(o) = -42*o**2 + 327*o - 12. Calculate q(7).
219
Let i(t) = 4*t**3 + 131*t**2 - 16*t + 565. Give i(-33).
4
Let l(z) = 257*z - 1281. Calculate l(5).
4
Let i(a) = 3*a**3 - 2*a**2 + 6*a - 23. What is i(2)?
5
Let f(a) = -148*a - 2631. Calculate f(-19).
181
Let a(w) = -6*w**2 - 120*w + 1. What is a(-13)?
547
Let v(b) = 19389*b - 135723. Calculate v(7).
0
Let y(s) = -2343*s - 11724. What is y(-5)?
-9
Let u(k) = -k**2 - 10*k + 12. Calculate u(1).
1
Let l(v) = -2*v**2 - 132*v - 1912. What is l(-45)?
-22
Let r(h) = -39*h - 1610. Give r(-39).
-89
Let f(o) = -29*o - 234. Give f(-9).
27
Let n(f) = f**2 + 55*f + 444. Determine n(-45).
-6
Let x(o) = -7*o + 108. Give x(16).
-4
Let y(u) = -u**3 - 5*u**2 + 81*u + 449. Determine y(-6).
-1
Let g(z) = z + 77. Determine g(-34).
43
Let a(x) = -106*x - 17. Give a(1).
-123
Let k(b) = 2*b**3 - 5*b**2 + 12*b + 34. What is k(-2)?
-26
Let a(p) = 8*p**2 + 163*p + 455. Determine a(-17).
-4
Let f(y) = y**3 + y**2 + 417*y + 416. Determine f(-1).
-1
Let i(m) = 8*m**3 + 98*m**2 + 265*m + 275. Calculate i(-9).
-4
Let m(j) = -2*j**2 + 6*j + 117. Calculate m(-6).
9
Let l(m) = 56*m + 992. Determine l(-33).
-856
Let r(k) = -26*k**2 + 291*k + 1. Calculate r(5).
806
Let x(o) = 9*o**2 + 52*o + 96. What is x(-2)?
28
Let d(w) = -8*w**2 + 104*w + 60. Give d(13).
60
Let c(t) = -15*t - 8. What is c(9)?
-143
Let c(n) = n**3 - 10*n**2 - 9*n - 11. What is c(11)?
11
Let v(n) = -n**2 - 19*n + 326. Give v(12).
-46
Let k(n) = -56*n + 440. Determine k(8).
-8
Let s(z) = z**2 + 7*z + 195. Give s(14).
489
Let y(a) = -a - 73. Determine y(6).
-79
Let y(q) = -q**3 - 12*q**2 + 24*q - 51. What is y(-15)?
264
Let i(z) = -1771*z - 12405. Give i(-7).
-8
Let p(b) = -b**3 - 4*b**2 - b - 5. What is p(2)?
-31
Let a(y) = -479*y - 2019. Determine a(-4).
-103
Let l(i) = 251*i - 9295. Give l(37).
-8
Let q(w) = 289*w + 4224. What is q(-15)?
-111
Let f(y) = 5*y**2 - 42*y + 175. Calculate f(4).
87
Let a(h) = -275*h**2 + 5499*h + 25. Give a(20).
5
Let n(o) = -6*o**3 + 11*o**2 - 3*o + 11. Determine n(5).
-479
Let s(u) = 2*u**3 + 8*u**2 - 7*u + 20. Give s(-7).
-225
Let y(f) = -1585*f + 53895. What is y(34)?
5
Let g(v) = v**2 + 39*v + 376. Give g(-23).
8
Let i(f) = f**2 + 25*f + 148. Determine i(-20).
48
Let j(z) = 5*z**3 - 28*z**2 - 53*z + 19. Determine j(7).
-9
Let a(o) = 5*o**2 - 248*o + 481. Give a(2).
5
Let b(w) = 119*w - 849. Determine b(4).
-373
Let a(x) = -186*x - 750. Calculate a(-4).
-6
Let v(n) = -1569*n - 1361. Calculate v(-1).
208
Let w(c) = -3*c**3 + 21*c**2 - 16*c + 10. What is w(7)?
-102
Let q(k) = -64*k - 827. Determine q(-13).
5
Let t(c) = 2*c**2 + 24*c + 62. Determine t(-7).
-8
Let b(o) = 7*o + 52. Determine b(-5).
17
Let y(c) = -c**2 + 11*c + 54. Determine y(0).
54
Let h(a) = -3*a**3 - 2*a**2 - 96. Determine h(0).
-96
Let y(v) = 67*v**2 - 71*v + 4. Give y(2).
130
Let j(c) = c**3 + 19*c**2 + 73*c + 168. Calculate j(-15).
-27
Let t(i) = -3*i**3 + 58*i**2 - 76*i + 1079. Determine t(19).
-4
Let v(f) = 6*f**3 + 378*f**2 + 5*f + 217. Determine v(-63).
-98
Let g(q) = -635*q - 3190. Determine g(-5).
-15
Let o(v) = -5*v - 677. What is o(13)?
-742
Let q(h) = h**2 - 29*h + 101. Determine q(3).
23
Let o(w) = -3*w**3 - 200*w**2 + 67*w + 46. What is o(-67)?
46
Let v(o) = -17*o - 178. What is v(-12)?
26
Let i(z) = -z**3 + 20*z**2 + 188*z + 7. What is i(27)?
-20
Let a(d) = d**2 - 65*d + 700. Calculate a(51).
-14
Let s(i) = 668*i + 3994. Calculate s(-6).
-14
Let d(p) = p**2 - 18*p + 74. Determine d(4).
18
Let d(q) = -q**3 - 88*q**2 + q + 88. Calculate d(-88).
0
Let t(d) = -48*d - 4782. Determine t(-99).
-30
Let n(l) = l**2 - 39*l + 372. Determine n(20).
-8
Let u(f) = -5*f**2 + 164*f - 309. Calculate u(29).
242
Let u(l) = -43*l - 61. Calculate u(-2).
25
Let l(o) = 55*o + 4727. Calculate l(-86).
-3
Let j(z) = -z**3 - 2*z + 15. Calculate j(3).
-18
Let n(q) = 316*q**2 + 103*q + 101. Determine n(-1).
314
Let a(f) = 9*f - 43. Determine a(17).
110
Let o(i) = 188*i + 1123. Determine o(-6).
-5
Let g(x) = -x**2 + 74*x + 6898. Determine g(128).
-14
Let m(j) = -2*j**2 + 55*j - 163. Determine m(24).
5
Let u(k) = k**3 - 2*k**2 - 6*k - 11. Give u(-3).
-38
Let c(p) = 5*p**2 - 26*p - 2684. Determine c(26).
20
Let o(h) = -119*h - 4685. What is o(-39)?
-44
Let h(z) = 3*z**2 + 147*z - 1397. Give h(8).
-29
Let z(f) = 5*f**2 - 18*f + 8. Calculate z(4).
16
Let g(c) = 3*c**3 - 465*c**2 - 469*c + 153. Give g(156).
-3
Let i(s) = 56*s**3 - 19*s**2 - 19*s + 38. What is i(1)?
56
Let a(j) = 2900*j + 365397. Give a(-126).
-3
Let y(j) = 3*j**2 - 127*j + 203. Calculate y(39).
-187
Let n(p) = p**2 - 26*p + 76. What is n(20)?
-44
Let u(s) = 4*s**3 + 73*s**2 + 15*s - 61. Give u(-18).
-7
Let p(g) = 2*g**3 + 36*g**2 - 16*g + 122. Determine p(-18).
410
Let p(a) = 7*a**3 + 543*a**2 + 1350*a + 11. Give p(-75).
11
Let o(y) = -4*y**3 + 421*y**2 - 101*y - 400. Calculate o(105).
20
Let c(i) = -i**3 + 84*i**2 + 2076*i + 423. What is c(104)?
7
Let b(c) = -993*c - 1992. Determine b(-2).
-6
Let r(o) = 4*o**3 - 18*o**2 + 10*o - 101. Give r(5).
-1
Let y(p) = p**2 - 36*p + 276. Give y(26).
16
Let w(g) = -g**3 - 39*g**2 - 53*g + 56. What is w(-38)?
626
Let z(i) = -4*i**2 + 31*i - 12. Give z(8).
-20
Let l(w) = w**3 - 7*w**2 - 8*w + 95. Give l(5).
5
Let l(f) = f**3 + 27*f**2 - 62*f - 110. Give l(-29).
6
Let b(o) = 5*o + 331. Give b(-18).
241
Let r(z) = 191*z - 539. Calculate r(4).
225
Let u(l) = l**3 + 150*l**2 - 5*l - 753. Give 